{"id":69,"date":"2017-06-23T04:51:37","date_gmt":"2017-06-23T04:51:37","guid":{"rendered":"http:\/\/inspirythemesdemo.com\/realplaces\/?page_id=69"},"modified":"2021-03-01T19:24:02","modified_gmt":"2021-03-01T19:24:02","slug":"list-layout","status":"publish","type":"page","link":"https:\/\/patycardonacancun.com\/paty\/list-layout\/","title":{"rendered":"List Layout"},"content":{"rendered":"\n<p><strong>IMPORTANTE:<\/strong> Toda la informaci\u00f3n publicada en esta p\u00e1gina web es meramente informativa. Las medidas, precios, tipos de amenidades, especificaciones t\u00e9cnicas, planos, fotograf\u00edas e im\u00e1genes renderizadas son elementos visuales de caracter informativo y no contractual. Para obtener informaci\u00f3n exacta de cualquier propiedad y\/o desarrollo, por favor contacte a nuestros asesores inmobiliarios por medio de los formularios instalados en esta p\u00e1gina web o de manera telef\u00f3nica a nuestra oficina.<\/p>\n","protected":false},"excerpt":{"rendered":"<p>IMPORTANTE: Toda la informaci\u00f3n publicada en esta p\u00e1gina web es meramente informativa. Las medidas, precios, tipos de amenidades, especificaciones t\u00e9cnicas, planos, fotograf\u00edas e im\u00e1genes renderizadas son elementos visuales de caracter informativo y no contractual. Para obtener informaci\u00f3n exacta de cualquier propiedad y\/o desarrollo, por favor contacte a nuestros asesores inmobiliarios por medio de los formularios&#8230;<\/p>\n","protected":false},"author":1,"featured_media":0,"parent":0,"menu_order":0,"comment_status":"open","ping_status":"closed","template":"templates\/list-layout.php","meta":{"footnotes":""},"class_list":["post-69","page","type-page","status-publish","hentry"],"_links":{"self":[{"href":"https:\/\/patycardonacancun.com\/paty\/wp-json\/wp\/v2\/pages\/69","targetHints":{"allow":["GET"]}}],"collection":[{"href":"https:\/\/patycardonacancun.com\/paty\/wp-json\/wp\/v2\/pages"}],"about":[{"href":"https:\/\/patycardonacancun.com\/paty\/wp-json\/wp\/v2\/types\/page"}],"author":[{"embeddable":true,"href":"https:\/\/patycardonacancun.com\/paty\/wp-json\/wp\/v2\/users\/1"}],"replies":[{"embeddable":true,"href":"https:\/\/patycardonacancun.com\/paty\/wp-json\/wp\/v2\/comments?post=69"}],"version-history":[{"count":1,"href":"https:\/\/patycardonacancun.com\/paty\/wp-json\/wp\/v2\/pages\/69\/revisions"}],"predecessor-version":[{"id":10821,"href":"https:\/\/patycardonacancun.com\/paty\/wp-json\/wp\/v2\/pages\/69\/revisions\/10821"}],"wp:attachment":[{"href":"https:\/\/patycardonacancun.com\/paty\/wp-json\/wp\/v2\/media?parent=69"}],"curies":[{"name":"wp","href":"https:\/\/api.w.org\/{rel}","templated":true}]}}